 - (-524)/22?
False
Is 18 a factor of (-4)/(-12) + 6/(18/161)?
True
Let o be 1/(21/12 - 2). Let x(v) = -2*v. Is x(o) a multiple of 8?
True
Let s(c) = -11*c**2 + c - 1. Let y be s(1). Let n = y - -5. Does 23 divide (-2)/n*552/8?
True
Let g(z) = z**3 + 14*z**2 + 12*z - 9. Let u be g(-13). Suppose -u*b + 66 = -150. Is 18 a factor of b?
True
Does 8 divide 2/(-12) + 1939/42?
False
Suppose -3*y + 260 = 2*y. Does 13 divide y?
True
Let o(q) = q**3 + 2*q**2 - 2*q + 2. Is 7 a factor of o(2)?
True
Does 12 divide 47 + (-2 + 2)/(-5)?
False
Suppose 3*u - 2*i = 81 + 49, -5*i + 116 = 3*u. Is 21 a factor of u?
True
Let l(m) = m**3 + 2*m**2 - 6*m - 2. Let h be l(-4). Suppose 0 = 5*o - 49 - 26. Let q = o + h. Is 5 a factor of q?
True
Let z(i) = -i**2 - 7*i + 4. Let j be z(-8). Let l = -7 + -3. Does 18 divide j/l - (-123)/5?
False
Suppose 2*w + 2 = -2*d + 42, -w = 4*d - 83. Does 7 divide d?
True
Let j(z) = -z**2 + 9*z + 6. Is j(6) a multiple of 8?
True
Let q be (-3 + 6/4)*-40. Let c = q - 24. Is 19 a factor of c?
False
Suppose 0 = 3*t - 665 + 170. Suppose 49 = z - 3*q, -5*z + 0*z = q - t. Is 10 a factor of z?
False
Suppose -4*q + 2*q = 0. Suppose 9 = 3*t - q. Suppose -5*f - x + 95 = 4*x, 0 = 3*f - t*x - 57. Is 8 a factor of f?
False
Let i(y) = -y**2 + 22*y - 13. Does 9 divide i(20)?
True
Let f(p) = -73*p**3 + p**2 + 2*p + 1. Is 20 a factor of f(-1)?
False
Let v(f) = f**3 - 11*f**2 - 11*f + 12. Is v(12) a multiple of 12?
True
Let a = 8 - 3. Suppose -48 = -3*t - a*d + 33, -5*d = 5*t - 135. Is t a multiple of 10?
False
Let i(b) = -b**3 - b**2 + b + 7. Suppose -4*f = 5*m + 2, 2*m - 3*m = -2*f - 8. Let a = -2 + m. Is 3 a factor of i(a)?
False
Suppose 26 = 5*r + a - 15, -3*r - 3*a + 15 = 0. Does 7 divide (-186)/(-9) + (-6)/r?
False
Suppose g - 80 = 20. Does 20 divide g?
True
Suppose -4*a + 8 = 0, -g - 3*g + 50 = a. Is g a multiple of 4?
True
Let v(x) = -x**3 + 10*x**2 - 9*x + 6. Let a be v(9). Suppose -a*n + 3*n = 0. Suppose n = 6*g - 4*g - 18. Is g a multiple of 9?
True
Let r(w) = w**3 + 3*w**2 - 4*w - 3. Let m(h) = 0*h - 4*h**2 + 0*h + 1 - h**3 + 2 + 4*h. Let a(i) = -5*m(i) - 6*r(i). Is a(-2) a multiple of 9?
False
Let l(g) = g**3 + 7*g**2 + 5*g - 3. Let j be l(-6). Let p be (-16)/(-7) + (-2)/7. Suppose 4*h + 98 = j*f, -p*f + 5*h + 64 = h. Is 17 a factor of f?
True
Suppose -3*w = 2*w - 25. Suppose w*t = h + 387, 0 = 5*t + 3*h - 157 - 222. Does 26 divide t?
False
Let r(l) be the first derivative of -3*l**2/2 + 15*l - 3. Let z be r(-12). Suppose z - 235 = -4*g. Is 23 a factor of g?
True
Is 5 a factor of 158/4 - 20/(-40)?
True
Let r(z) = z**3 + 3*z**2 - 3*z - 3. Let k = -5 - -2. Let j be r(k). Suppose -q + 3*q + j = 0, 4*l = 2*q + 94. Is l a multiple of 11?
True
Let k(z) = 5*z**3 + 0 - 5*z**2 - 1 + 3*z**2 + z**2. Is k(2) a multiple of 13?
False
Let h(q) = -3*q + 1. Suppose j = 2*d + 5, -j - 6 = -4*j - 3*d. Suppose -j*l - 4 = 2. Is h(l) even?
False
Let w(m) = -147*m**2 + m. Let q be w(-1). Let i be q - 3*6/9. Is i/(-9) - 2/3 a multiple of 8?
True
Let q(j) = j - 30. Let y(v) = 9*v - 123. Let r(o) = -5*o + 62. Let k(h) = -5*r(h) - 3*y(h). Let g(w) = 6*k(w) + 11*q(w). Is g(11) a multiple of 13?
True
Let k(f) be the third derivative of 0 - 1/24*f**4 + 3/2*f**3 + 0*f - 4*f**2. Does 9 divide k(0)?
True
Let y(f) = -84*f**3. Is y(-1) a multiple of 14?
True
Let z be 0/(2 + -1 - 2). Let j = 4 + z. Does 9 divide 748/36 - j/(-18)?
False
Suppose 2*b = 7*b - 335. Suppose 0*k - 45 = 3*c - 2*k, b = -4*c + 5*k. Let d = c + 22. Is d a multiple of 9?
True
Let a(h) = -17*h + 1. Let g be a(-8). Suppose 0 = -2*j + 3*y + 72, 33 = -2*j - 5*y + g. Is j a multiple of 15?
False
Let v = 0 + 2. Suppose 2*l = 5*h - 64, -3*h - v*l + 39 = -9. Does 5 divide h?
False
Suppose 0 = -w + 3*s + 2*s + 10, 0 = -4*w + 2*s + 22. Suppose -52 = -4*d + 5*v, 0*d + 2*d - w*v = 26. Does 11 divide d?
False
Let y be 0 - -2 - (-1 + -1). Let t be ((-6)/y)/((-3)/28). Suppose -2*n + t = -4*x, x - 4*x - 19 = -2*n. Is n a multiple of 10?
False
Let k(g) = 7*g + 28. Does 10 divide k(8)?
False
Does 43 divide (1032/(-15))/(6/(-15))?
True
Let x = 43 + 16. Does 22 divide x?
False
Let u(g) = g**3 - 7*g**2 + 2. Let d be u(7). Does 10 divide 2 - (-8)/(3 - d)?
True
Suppose -m = -5*m - 16. Let c(u) = -6*u. Does 8 divide c(m)?
True
Let z(u) = 2*u**3 - 7*u**2 - u - 3. Let l be z(5). Let t = l + -39. Let m = -8 + t. Does 5 divide m?
True
Is ((-32)/(-20))/((-6)/(-135)) a multiple of 36?
True
Let u = -1 + 1. Let l = 0 + u. Suppose l*m - m = -2. Is m a multiple of 2?
True
Let x be ((0 - -6) + -2)*1. Let n(w) = -w + 4. Let r be n(x). Suppose -4*g + g - 63 = -3*f, 5*f + 2*g - 84 = r. Does 9 divide f?
True
Suppose 5*n - 4*n = 2. Let w = 29 + n. Is w a multiple of 23?
False
Let n = 4 + -5. Let g be (8/(-20))/(n/5). Suppose 10 = 2*v + g*y, -44 = -4*v + y + 3*y. Does 3 divide v?
False
Let z(k) = 33*k**2 + k - 2. Is z(-2) a multiple of 32?
True
Let v = -6 + 8. Suppose -4*p = -3*p - v*n - 34, -3*p - 2*n + 86 = 0. Is 17 a factor of p?
False
Let q = 0 + 2. Suppose 54 = q*i + 12. Suppose 34 + i = 5*j. Is j a multiple of 9?
False
Let k = 729 - 442. Is 41 a factor of k?
True
Suppose 5*h = h - 520. Let v = -83 - h. Is v a multiple of 11?
False
Let l(p) = 2*p**2 + 2*p - 1. Suppose 3*a - 5 - 1 = 0. Suppose 2*k + 3*o + 8 = 0, -a*k + 2*o = -k - 10. Is l(k) a multiple of 6?
False
Let j be 4/(-12) + 65/(-3). Let o = 45 + j. Does 9 divide o?
False
Suppose 2*y = -2*z + 8, 9 - 1 = -y + 2*z. Suppose y = -2*d + 4*d - 64. Does 7 divide d?
False
Does 12 divide 2/(-2)*(-9 - 3)?
True
Does 14 divide 2 + 0 + -3 + 38?
False
Let q(a) = -a**2 - 3*a. Let c be q(-3). Suppose 4*f - 97 - 71 = c. Is 14 a factor of f?
True
Let p = 11 - 3. Does 14 divide (-556)/(-10) - p/(-20)?
True
Let w be (-6)/(-3) - (2 + -1). Let t(v) = 35*v**3 - 2*v + 1. Is t(w) a multiple of 10?
False
Let i = -4 + 6. Suppose 4*n = 3*a + 5*n - 10, i*a - 16 = 4*n. Suppose 57 = a*w + 9. Is w a multiple of 12?
True
Let t(o) = o**2 - 4. Let z(m) = -m**2 - 7*m + 13. Let s be z(-9). Is t(s) a multiple of 9?
False
Let h = 48 - 28. Is h a multiple of 4?
True
Suppose -3*f + 41 = 5*c, -15 = -3*c - f + 4*f. Let w = c - -46. Is 14 a factor of w?
False
Let w be (6/4)/((-6)/8). Let a be ((-4)/w)/(-2) - -4. Suppose 2*g - 1 = 1, -5*z = -a*g - 37. Does 8 divide z?
True
Let n be (-14)/35 + (-17)/(-5). Let s(d) = -1 + 3*d + 0 + 4*d. Is 10 a factor of s(n)?
True
Suppose -3 + 1 = q. Let k(r) = -2*r**2 + 3 - 2*r - 2 + r - 3*r**3. Is 12 a factor of k(q)?
False
Suppose q = -2*d + 9, -2 = 3*d + 4*q - 23. Is d a multiple of 3?
True
Let w(b) = -b**3 + b**2 + 1. Let m be w(0). Let x = m - -1. Is 19 a factor of x/10 + 94/5?
True
Let a(j) = -j**3 - 4*j**2 + 5*j + 3. Let i be a(-5). Let k(x) = 7*x**2 + 1. Does 16 divide k(i)?
True
Suppose -9 = 4*q + 7, 2 = l + q. Suppose -v - 20 = -l*v. Does 2 divide v?
True
Let v(c) = -8*c + 1. Is 33 a factor of v(-4)?
True
Let p(j) = j - 7. Let t be p(9). Let x be (5 + -1 - t)*2. Suppose 0 = -4*q - n + 170 + 5, x*q - 178 = -2*n. Is 15 a factor of q?
False
Let z = 10 + -28. Let a = z - -25. Does 3 divide a?
False
Let a be -4 - -1 - -91 - 0. Is 3 + 1 + a + 3 a multiple of 30?
False
Suppose 15 + 29 = -2*p. Let o = p - -52. Does 10 divide o?
True
Let l(m) = -28*m**3 - m - 1. Suppose -2*k - 5 = -3. Does 13 divide l(k)?
False
Let z be 10/35 + (-24)/(-14). Suppose -2*j + 7*m = z*m - 5, -4*m + 20 = 0. Does 5 divide j?
True
Let c = -15 - -45. Is c a multiple of 10?
True
Suppose 4*f - 5 = 275. Is f a multiple of 21?
False
Suppose 3*x + 2*x - 60 = 0. Is 3 a factor of x?
True
Let g = -170 - -289. Does 17 divide g?
True
Suppose -3*p - 29 = -134. Let l = p + -9. Is l a multiple of 17?
False
Suppose 2*g - 8 = -2*g, -3*i + 2*g + 239 = 0. Suppose 4*k - 8*n - i = -3*n, -75 = -3*k - n. Does 12 divide k?
True
Let j(y) = -10*y + 4. Let b(v) be the second derivative of -19*v**3/6 + 9*v**2/2 + 2*v. Let l(w) = -2*b(w) + 5*j(w). Does 13 divide l(-2)?
True
Suppose 208 = -4*w + 8*w. Does 26 divide w?
True
Let c = 8 + -5. Suppose 5*q + c = -j, 4*j + 12 = -0*q + 5*q. Let s = j + 6. Is s even?
False
Suppose 0 = 3*o - 3 - 3. Let j(z) = z**3 - 3*z**2 - 4*z + 10. Let a be j(5). Suppose -o*c + 100 = 5*i, 3*c = 2*i + 6*c - a. Does 10 divide i?
True
Suppose -4*w = -4*d + 8, -3*w + 4 = -5*d + 18. Is 4 a factor of d?
True
Let l(q) = 4*q**2